What is the greatest common factor of 29567514 and 5328?
222
Calculate the greatest common factor of 3668928 and 209608.
1576
What is the highest common factor of 230111772 and 231?
33
Calculate the highest common factor of 333 and 34469163.
333
Calculate the highest common factor of 8 and 5964784.
8
Calculate the highest common divisor of 7345 and 8593.
13
Calculate the greatest common divisor of 19924 and 230591.
293
Calculate the highest common divisor of 11191367 and 2794.
1397
What is the highest common factor of 86 and 38254477?
43
Calculate the greatest common factor of 16608 and 259511072.
5536
Calculate the highest common divisor of 262278 and 1458.
162
Calculate the highest common factor of 293059313 and 53.
53
Calculate the highest common factor of 20106240 and 2136.
24
Calculate the greatest common factor of 21195 and 162915.
15
What is the highest common divisor of 12351236 and 184528?
2428
Calculate the greatest common divisor of 24506678 and 1302.
434
What is the greatest common divisor of 11521 and 119638?
41
What is the highest common factor of 109826619 and 1554?
777
What is the greatest common factor of 1254 and 70005234?
114
Calculate the greatest common factor of 155773326 and 39556.
1798
What is the greatest common factor of 3076998 and 673506?
13206
What is the greatest common factor of 198 and 93162333?
33
Calculate the greatest common divisor of 16163 and 34000025.
2309
What is the greatest common factor of 5 and 9184885?
5
What is the greatest common factor of 845 and 4975?
5
What is the greatest common divisor of 1123558 and 64367?
337
Calculate the greatest common factor of 544742 and 22242.
22
Calculate the highest common factor of 18711394 and 117728.
7358
Calculate the greatest common factor of 43262 and 32010.
194
Calculate the greatest common factor of 282688560 and 13680.
720
What is the greatest common factor of 2132 and 13452100?
164
What is the greatest common factor of 241969 and 70343?
91
What is the greatest common divisor of 5828976 and 96678?
2358
Calculate the highest common divisor of 245 and 29566425.
35
Calculate the highest common factor of 5502330 and 75510.
90
What is the highest common divisor of 1538062 and 100738?
482
What is the highest common divisor of 458223033 and 732?
183
Calculate the highest common factor of 23824704 and 480.
96
What is the greatest common factor of 1296864 and 6816?
96
What is the greatest common divisor of 105524 and 219077?
1147
What is the highest common factor of 1923672 and 18?
6
Calculate the greatest common divisor of 94200 and 1285800.
600
What is the greatest common factor of 2582230 and 5846?
74
Calculate the highest common factor of 12663 and 162609.
201
Calculate the greatest common factor of 44706471 and 777.
111
Calculate the highest common divisor of 4 and 7081644.
4
Calculate the highest common divisor of 13473729 and 1377.
27
What is the highest common divisor of 14104660 and 140120?
2260
What is the greatest common divisor of 316785 and 5243?
49
Calculate the highest common divisor of 105 and 207942945.
105
What is the highest common divisor of 89178 and 1260516?
1002
Calculate the highest common factor of 140 and 4020674.
14
What is the greatest common factor of 5293 and 327929?
79
Calculate the highest common factor of 1056 and 385088.
352
Calculate the greatest common divisor of 30684477 and 39.
3
What is the highest common factor of 150 and 149615775?
75
Calculate the highest common divisor of 3298 and 6854602.
194
What is the greatest common factor of 9488754 and 693?
99
What is the highest common factor of 959 and 5812926?
7
What is the highest common factor of 270927755 and 3038?
217
What is the greatest common factor of 34152195 and 11550?
1155
What is the highest common divisor of 1 and 7570716?
1
What is the highest common factor of 858968 and 62350?
86
Calculate the greatest common factor of 46 and 9500012.
46
Calculate the highest common divisor of 3237 and 101256597.
3237
What is the greatest common factor of 228 and 13662780?
12
Calculate the greatest common divisor of 5830 and 20009726.
1166
Calculate the greatest common factor of 20875840 and 139270.
7330
What is the greatest common factor of 9404 and 337937442?
4702
Calculate the greatest common factor of 53304675 and 83.
83
What is the highest common divisor of 679792 and 800?
16
What is the highest common divisor of 28771686 and 297?
27
Calculate the greatest common factor of 1425480 and 2060.
20
Calculate the highest common factor of 4 and 995326.
2
Calculate the greatest common factor of 19811998 and 326.
326
Calculate the greatest common factor of 25122592 and 13891.
479
What is the greatest common factor of 3500 and 4380236?
28
Calculate the greatest common factor of 34017 and 80707.
667
What is the highest common divisor of 67860 and 11231532?
468
What is the highest common factor of 80484 and 5860506?
2118
Calculate the greatest common divisor of 981647 and 9872.
617
What is the greatest common factor of 2169007883 and 833?
833
Calculate the greatest common divisor of 5040436 and 592.
148
Calculate the highest common factor of 106319818 and 22.
22
Calculate the highest common divisor of 15375 and 69.
3
What is the highest common factor of 42 and 45066056?
14
Calculate the highest common divisor of 9526216 and 12488.
56
What is the greatest common factor of 600 and 10098600?
600
Calculate the highest common divisor of 465488212 and 355.
71
What is the greatest common divisor of 16274336 and 152?
152
Calculate the highest common factor of 295281 and 14238.
63
Calculate the greatest common divisor of 16385695 and 29583.
3287
Calculate the highest common factor of 130317 and 299406.
1077
Calculate the greatest common factor of 1292 and 57780467.
17
What is the highest common divisor of 169703684 and 584?
292
Calculate the highest common divisor of 32280 and 7320.
120
What is the highest common divisor of 98658 and 545454?
1134
What is the greatest common divisor of 30414 and 1621710?
222
What is the highest common factor of 18905911 and 886?
443
What is the highest common factor of 1730673 and 11844?
63
What is the greatest common divisor of 28 and 67225676?
28
What is the greatest common divisor of 28150 and 2200?
50
Calculate the greatest common divisor of 292950 and 54025650.
9450
Calculate the highest common divisor of 1586304 and 1448.
8
Calculate the highest common factor of 1785 and 1874709.
51
Calculate the highest common factor of 25530 and 91965.
15
What is the highest common divisor of 18100238 and 182?
26
What is the greatest common factor of 6095 and 220570?
115
Calculate the greatest common factor of 17759 and 395248.
7
Calculate the highest common divisor of 1358910 and 190242.
54
Calculate the highest common factor of 1044494198 and 24508.
12254
Calculate the highest common factor of 135 and 12577557.
3
Calculate the greatest common divisor of 1651 and 13247.
13
Calculate the highest common divisor of 665 and 87291415.
95
Calculate the highest common factor of 344940 and 56820.
60
What is the greatest common divisor of 1611135 and 12195?
45
What is the highest common divisor of 572718695 and 7786?
3893
Calculate the greatest common factor of 672816 and 20116.
428
What is the highest common factor of 2877 and 2386587?
21
What is the greatest common divisor of 14575 and 592275?
1325
What is the greatest common factor of 7924 and 5622644?
1132
What is the greatest common factor of 669 and 19221?
3
What is the highest common divisor of 3760491 and 273?
21
Calculate the highest common divisor of 1701585 and 555.
15
What is the greatest common factor of 3604 and 756908?
68
What is the greatest common divisor of 3855 and 277395?
15
Calculate the greatest common divisor of 194740 and 506380.
140
Calculate the highest common factor of 111391 and 16597.
7
Calculate the greatest common divisor of 649297 and 249307.
67
Calculate the highest common divisor of 176 and 372464070.
22
What is the highest common divisor of 22689 and 700462371?
7563
What is the highest common factor of 19849034 and 23180?
2318
What is the highest common divisor of 205 and 764765?
5
Calculate the highest common divisor of 21 and 354065187.
21
Calculate the highest common factor of 14 and 237692